0).
-587
Let j(t) = -9132*t - 1424700. Determine j(-156).
-108
Let t(r) = 22*r - 713. Determine t(46).
299
Let z(x) = -x**3 + 2*x**2 + 795*x - 37. What is z(0)?
-37
Let p(z) = -663*z**2 - 764*z + 14. Give p(-1).
115
Let y(f) = -563*f + 9471. Determine y(17).
-100
Let d(n) = -10383*n + 2481537. What is d(239)?
0
Let g(b) = -b**3 + 139*b**2 - 544*b + 14. What is g(4)?
-2
Let s(i) = 6*i**2 - 298*i - 7819. What is s(-19)?
9
Let b(t) = -181*t**2 - 1739*t - 559. Calculate b(-9).
431
Let g(c) = 12271*c - 269970. Give g(22).
-8
Let z(s) = -s**2 - 12363*s + 74215. Calculate z(6).
1
Let a(g) = -g**3 + 21*g**2 + 191*g - 3782. What is a(22)?
-64
Let y(s) = 915881*s - 21065264. Determine y(23).
-1
Let v(j) = j**2 + 2091*j - 398933. Determine v(176).
59
Let g(i) = -3*i**3 - 8*i**2 - 88*i - 452. What is g(-5)?
163
Let v(y) = -12308*y + 110772. Determine v(9).
0
Let x(z) = 1099*z + 252401. Calculate x(-229).
730
Let r(n) = -20518*n + 9397243. Give r(458).
-1
Let w(h) = 21648*h - 2251410. Calculate w(104).
-18
Let s(r) = 187397*r - 3747946. What is s(20)?
-6
Let c(a) = a**3 + 71*a**2 + a - 190. Calculate c(-71).
-261
Let f(a) = 665*a**2 - 11975*a + 103. Determine f(18).
13
Let c(m) = 76*m - 18938. Determine c(249).
-14
Let z(m) = -4*m**2 + 601*m - 14495. Give z(120).
25
Let a(c) = 432*c + 4956. Determine a(-13).
-660
Let m(w) = -2*w**2 - 455*w - 908. Calculate m(-2).
-6
Let j(o) = -883*o**2 + 5298*o + 1. Calculate j(6).
1
Let l(u) = 27*u**3 + 212*u**2 - 276*u + 23. Give l(-9).
-4
Let w(q) = q**2 - 223*q - 191395. Give w(563).
25
Let v(b) = b**3 - 10*b**2 - 45*b + 392. Give v(13).
314
Let b(m) = -26*m**3 + 16461*m**2 - 1894*m - 3125. Give b(633).
40
Let f(g) = 1873*g**3 - g**2 - 47*g - 6. Determine f(0).
-6
Let f(o) = 51947*o - 208233. Calculate f(4).
-445
Let t(a) = -1785*a + 34. Calculate t(0).
34
Let k(i) = -879*i - 15371. Calculate k(-18).
451
Let i(a) = -2*a**3 - 399*a**2 + 4893*a - 86279. Give i(-212).
5
Let a(o) = -o**3 - 21*o**2 - 160*o - 1443. Determine a(-17).
121
Let t(f) = f**2 + 812458*f + 2437366. Give t(-3).
1
Let q(g) = 12*g**3 + 32*g**2 - 5*g + 17. Give q(3).
614
Let h(t) = 28*t**2 + 1167*t + 7083. Give h(-6).
1089
Let h(w) = w**3 + 278*w**2 + 399*w + 120. Give h(-1).
-2
Let z(t) = -2*t**3 + 241*t**2 + t + 14253. Determine z(121).
-267
Let r(o) = 16*o**3 + 12*o**2 + 125*o - 614. Calculate r(4).
1102
Let j(s) = 127691*s + 1404578. What is j(-11)?
-23
Let z(h) = 51*h - 6626. Determine z(172).
2146
Let x(k) = -9568*k - 76609. Calculate x(-8).
-65
Let o(n) = -15*n**3 - 90*n**2 - 135*n - 22. Give o(-2).
8
Let l(p) = -5209*p - 93500. Determine l(-18).
262
Let g(h) = 47*h**2 + 1266*h + 138. Give g(-27).
219
Let t(y) = y**2 + 1583*y + 142775. Give t(-96).
23
Let r(a) = 19*a**2 + 2689*a - 199. What is r(-142)?
1079
Let g(l) = -2*l**3 + 122*l**2 + 17597*l - 6848. Determine g(129).
-11
Let j(f) = -49*f**2 + 600*f - 190. Give j(12).
-46
Let o(q) = 11*q**3 + 52*q**2 - 115*q + 114. Calculate o(1).
62
Let a(b) = b**2 + 802*b + 160578. Determine a(-407).
-187
Let f(q) = -451*q + 113777. What is f(252)?
125
Let o(i) = -78*i + 1942. What is o(17)?
616
Let u(y) = -2120*y - 326502. Calculate u(-154).
-22
Let v(d) = -d**3 + 167*d**2 + 863*d - 30. Determine v(172).
486
Let p(g) = -g**3 - 78*g**2 - 144*g - 24289. Determine p(-80).
31
Let f(y) = y**2 + 3067*y - 18421. What is f(6)?
17
Let r(m) = -m**2 - 259*m + 61547. What is r(151)?
-363
Let h(n) = -2*n**3 - 103*n**2 - 1180*n + 168. Give h(-34).
-172
Let v(r) = -22*r**2 - 14744*r - 58961. Give v(-4).
-337
Let v(d) = 12*d**3 - 143*d**2 - 142*d + 159. Calculate v(13).
510
Let b(i) = -2*i**2 - 362*i - 5128. What is b(-171)?
-1708
Let a(b) = 71*b**2 - 1239*b - 706. What is a(18)?
-4
Let o(c) = c**2 - 1827*c - 192688. Give o(-100).
12
Let y(d) = 584*d**2 - 48469*d + 137. Give y(83).
386
Let w(r) = -3742*r**2 + 18709*r - 3. What is w(5)?
-8
Let h(z) = 2*z**3 - 10*z**2 + 4*z + 1363. Determine h(0).
1363
Let i(a) = 31*a**3 + 2343*a**2 + 4*a + 5. Calculate i(0).
5
Let s(t) = -31*t**2 - 916*t + 21580. Determine s(-45).
25
Let f(b) = 2044*b + 20356. What is f(-10)?
-84
Let b(h) = h**3 + 5*h**2 - 20*h + 1408. Calculate b(0).
1408
Let a(r) = 24*r**2 - 983*r - 1022. What is a(-1)?
-15
Let r(m) = -m**2 + 24*m - 315. Calculate r(14).
-175
Let m(z) = 2*z**3 - 22*z**2 - 225*z + 9. Calculate m(19).
1510
Let q(m) = 47*m + 1464. Determine q(-34).
-134
Let b(p) = -p**3 - 42*p**2 - 422*p - 198. Calculate b(-19).
-483
Let a(o) = 3953*o + 897330. Give a(-227).
-1
Let i(l) = 12415*l + 6629608. What is i(-534)?
-2
Let b(x) = 2*x**3 + 126*x**2 - 28*x + 295. Calculate b(-63).
2059
Let n(q) = -q**2 + 12224*q + 8084549. Determine n(-629).
12
Let k(b) = -13*b**2 + 381*b + 746. Determine k(31).
64
Let r(g) = -g**3 + 239*g**2 + 733*g - 1622. Give r(242).
72
Let n(h) = 39*h**2 + 2202*h + 1025. What is n(-56)?
17
Let k(m) = -m**2 + 22567*m - 1440196. Determine k(64).
-4
Let l(s) = 10*s**2 - 167*s + 438. Calculate l(12).
-126
Let s(b) = -128*b - 473. Give s(-3).
-89
Let x(n) = 3*n**3 - 672*n**2 - 680*n + 1411. Determine x(225).
286
Let a(y) = -3*y**2 + 4712*y - 56091. Calculate a(12).
21
Let b(v) = -200*v + 49956. Calculate b(250).
-44
Let q(w) = 240*w**2 + 4514*w - 867. What is q(-19)?
7
Let q(j) = -5*j**3 - 329*j**2 - 373*j - 7308. Give q(-65).
37
Let j(s) = s**2 - 62*s - 914. Give j(56).
-1250
Let y(n) = -31543*n + 31577. What is y(1)?
34
Let y(r) = -r**3 + 10*r**2 - 464*r + 8168. Calculate y(15).
83
Let s(q) = -15935*q - 95592. Give s(-6).
18
Let m(u) = 2*u**3 + 62*u**2 - 67*u - 39. Calculate m(-32).
57
Let c(a) = -411*a**2 + 150*a + 517. Give c(-2).
-1427
Let n(o) = 10563*o + 1088061. Give n(-103).
72
Let n(z) = -11323*z + 1607850. Give n(142).
-16
Let b(j) = 352*j**3 - 52*j**2 - 35*j + 19. Calculate b(-1).
-350
Let d(w) = -2022*w**2 + 68747*w + 37. What is d(34)?
3
Let r(x) = -1099*x + 47194. Determine r(43).
-63
Let r(j) = 2*j**3 - 86*j**2 + 713*j + 1009. Give r(31).
48
Let t(v) = -v**3 - 106*v**2 - 84*v + 339. What is t(-105)?
-1866
Let v(l) = -l**3 - 47*l**2 + 24*l - 174. What is v(-48)?
978
Let o(c) = 8041*c - 844337. Determine o(105).
-32
Let p(v) = 308017*v + 6160334. Give p(-20).
-6
Let a(u) = 6*u**3 + 113*u**2 - 305*u + 2481. Give a(-22).
-5
Let u(c) = -c**3 - 9*c**2 + 15729*c + 7. Give u(0).
7
Let k(j) = -685*j - 12234. Calculate k(-20).
1466
Let t(m) = 47*m**2 - 1731*m + 15391. Calculate t(15).
1
Let s(d) = -d**3 + 5*d**2 - 7583*d + 37915. Determine s(5).
0
Let w(o) = -116*o**3 - 21*o**2 + 80*o - 58. Determine w(1).
-115
Let f(l) = 1004*l + 56. Give f(-1).
-948
Let r(w) = w**3 - 792*w**2 - 138034*w + 977. Give r(939).
38
Let u(d) = -3601*d**2 + 122432*d + 64. What is u(34)?
-4
Let o(q) = -11*q**2 + 579*q - 459. Calculate o(52).
-95
Let w(y) = 89*y**3 - 19*y**2 - 29*y + 33. Calculate w(1).
74
Let c(y) = -y**2 - 2552*y + 46263. What is c(18)?
3
Let x(k) = -4*k**2 - 215*k - 1447. Give x(-7).
-138
Let b(w) = -7877*w - 819212. Calculate b(-104).
-4
Let b(k) = -1347*k - 695167. Give b(-516).
-115
Let w(d) = 2040*d + 50065. Give w(-25).
-935
Let m(p) = -1412*p - 113076. Calculate m(-80).
-116
Let s(w) = -193*w - 20091. Calculate s(-104).
-19
Let c(v) = -2*v**3 - 125*v**2 - 1993*v - 79. Give c(-30).
1211
Let o(s) = 3807153*s - 9. Determine o(0).
-9
Let q(y) = 224*y + 4689. Determine q(-17).
881
Let r(h) = -3*h**3 - 517*h**2 + 2439*h - 6901. Give r(-177).
2
Let i(n) = n**2 + 10361*n - 62215. Give i(6).
-13
Let j(u) = 1591*u - 14420. Calculate j(9).
-101
Let p(m) = 2271*m - 4639. Determine p(2).
-97
Let l(p) = 757*p - 154259. Give l(199).
-3616
Let y(c) = -1983*c + 10. Determine y(0).
10
Let a(q) = 125797*q - 2767553. What is a(22)?
-19
Let h(v) = -221131*v + 442419. Determine h(2).
157
Let i(w) = w**3 - 349*w**2 + 1694*w + 126. What is i(5)?
-4
Let h(t) = -4*t**2 - 189*t - 1813. Calculate h(-37).
-296
Let i(c) = -13339*c - 226622. Give i(-17).
141
Let n(b) = -1614*b + 33870. Determine n(20).
1590
Let g(l) = 21196*l + 890059. What is g(-42)?
-173
Let l(w) = 15*w**2 - 217*w + 82. Calculate l(15).
202
Let k(z) = 2*z**2 - 385*z - 489. Give k(192).
-681
Let k(w) = -w**3 + 24*w**2 + 33. Give k(24).
33
Let d(o) = o**2 + 458*o - 36545. What is d(69)?
-182
Let g(x) = -4*x**3 - 137*x**2 - 193*x - 650. Give g(-33).
274
Let u(w) = 402*w**2 - 5188*w - 88